lculate the highest common factor of 59199024 and 48.
48
What is the highest common divisor of 70000634 and 88?
22
Calculate the highest common divisor of 60 and 239964756.
12
What is the greatest common divisor of 3156 and 546732?
12
What is the highest common divisor of 62634 and 924?
66
What is the greatest common factor of 785153929 and 133?
133
Calculate the highest common factor of 603 and 42641388.
9
Calculate the highest common factor of 9472 and 3966696.
296
Calculate the greatest common divisor of 132 and 29154954.
6
Calculate the greatest common factor of 19360 and 1133660.
220
What is the highest common factor of 101096084 and 124?
124
What is the highest common factor of 11780904 and 81104?
1096
What is the greatest common factor of 95915598 and 153?
51
What is the greatest common divisor of 1214880850 and 3475?
3475
Calculate the greatest common divisor of 22313880 and 1485.
135
What is the greatest common divisor of 405891 and 1863?
81
Calculate the highest common divisor of 2760201 and 9.
9
Calculate the greatest common divisor of 3867132 and 36.
12
Calculate the greatest common factor of 195022527 and 8715.
1743
Calculate the greatest common factor of 376142 and 211718.
442
Calculate the highest common divisor of 50171888 and 208.
208
Calculate the highest common divisor of 23368393 and 2230.
223
Calculate the greatest common divisor of 492336968 and 608.
152
What is the greatest common divisor of 11973249 and 209?
19
Calculate the highest common factor of 28098 and 32976348.
1338
What is the greatest common divisor of 541050270 and 570?
570
What is the greatest common factor of 99210020 and 2210?
130
What is the highest common factor of 313 and 164311541?
313
Calculate the highest common divisor of 14918352 and 133584.
1104
Calculate the greatest common divisor of 24544 and 279136.
416
What is the greatest common divisor of 114264 and 191498?
1058
What is the highest common factor of 546 and 5320014?
42
What is the highest common divisor of 11684139 and 1599?
123
What is the greatest common divisor of 1314909 and 5299?
757
What is the highest common divisor of 130 and 158682485?
65
What is the greatest common divisor of 13379610 and 90?
30
Calculate the highest common factor of 10 and 48207474.
2
Calculate the greatest common divisor of 125 and 754625.
125
What is the highest common factor of 42976261 and 604?
151
Calculate the greatest common divisor of 60 and 86872098.
6
Calculate the highest common factor of 20591640 and 45.
45
Calculate the greatest common factor of 234 and 74715342.
78
What is the highest common divisor of 391 and 64779707?
391
Calculate the greatest common factor of 350 and 24517300.
50
Calculate the greatest common factor of 64 and 252952672.
32
Calculate the greatest common factor of 12840 and 127680.
120
What is the highest common divisor of 5 and 6630185?
5
What is the highest common divisor of 58456890 and 594?
54
What is the highest common divisor of 583 and 1154732359?
583
Calculate the highest common divisor of 185603905 and 230.
115
What is the highest common divisor of 95 and 6096074?
19
What is the highest common factor of 648514 and 15194?
142
Calculate the greatest common divisor of 23661 and 6209937.
2151
Calculate the greatest common factor of 152173 and 567.
7
What is the greatest common factor of 1221 and 976173?
33
Calculate the highest common divisor of 9392 and 30649618.
1174
Calculate the highest common factor of 714 and 2241722.
238
Calculate the greatest common divisor of 113617357 and 2282.
1141
Calculate the highest common factor of 2183 and 599363.
37
What is the highest common divisor of 10 and 7074670?
10
Calculate the highest common factor of 243520 and 159680.
320
Calculate the greatest common factor of 94140 and 2791980.
180
What is the greatest common divisor of 4605795 and 6480?
135
Calculate the greatest common divisor of 6713 and 4083.
1
What is the greatest common factor of 770686570 and 9560?
2390
Calculate the highest common divisor of 163 and 5801040904.
163
Calculate the highest common divisor of 9 and 17481483.
9
Calculate the highest common divisor of 21956512 and 352.
32
Calculate the highest common factor of 359030 and 1363670.
1610
What is the highest common factor of 350404 and 493?
17
What is the highest common divisor of 111691541 and 922?
461
Calculate the greatest common factor of 1038545901 and 81.
27
What is the highest common divisor of 13354914 and 18?
6
What is the greatest common divisor of 24166310 and 70?
70
What is the greatest common divisor of 163669012 and 1196?
1196
Calculate the greatest common divisor of 72256 and 7584.
32
What is the highest common divisor of 18 and 200826702?
18
What is the greatest common factor of 94802 and 4879202?
886
What is the greatest common factor of 4609 and 529452?
11
Calculate the highest common divisor of 475 and 6847695.
95
Calculate the greatest common factor of 604 and 48408033.
151
Calculate the highest common factor of 9037220 and 246.
82
What is the greatest common divisor of 3347213 and 23?
23
Calculate the highest common divisor of 2932 and 17704.
4
What is the highest common factor of 360 and 15482760?
120
What is the greatest common divisor of 4704 and 102294752?
1568
What is the greatest common divisor of 10352 and 13834154?
1294
What is the highest common factor of 750 and 134512250?
250
What is the greatest common divisor of 156 and 3297912?
12
Calculate the greatest common divisor of 109426637 and 76092.
6341
What is the highest common divisor of 29460 and 197940?
60
What is the greatest common factor of 45525 and 25707057?
1821
Calculate the highest common divisor of 86284 and 15671128.
1628
Calculate the highest common divisor of 392 and 6614951.
49
Calculate the greatest common divisor of 9 and 3447449307.
9
What is the greatest common factor of 1177 and 36414347?
107
Calculate the greatest common factor of 638 and 248617.
29
Calculate the greatest common divisor of 348359 and 36542.
121
Calculate the highest common divisor of 76285 and 3567630.
1045
Calculate the highest common divisor of 231106277 and 28612.
7153
What is the highest common factor of 929119 and 573382?
1501
Calculate the highest common divisor of 700 and 5346425.
175
Calculate the highest common factor of 24750650 and 125.
25
What is the highest common factor of 4545 and 135?
45
Calculate the highest common divisor of 7717121 and 6831.
23
Calculate the highest common divisor of 57 and 17448859.
19
What is the highest common factor of 248296492 and 7221?
2407
Calculate the highest common factor of 920 and 43624744.
184
What is the highest common factor of 67773 and 179075?
551
Calculate the highest common factor of 1497 and 308500263.
1497
What is the greatest common factor of 11141765 and 61045?
2105
Calculate the greatest common divisor of 26846 and 801050.
866
Calculate the greatest common factor of 16695 and 1128042195.
5565
Calculate the greatest common factor of 127144693 and 39.
13
Calculate the highest common factor of 153806 and 519718.
106
What is the greatest common divisor of 1948540 and 715?
55
Calculate the highest common factor of 2581448 and 64.
8
Calculate the highest common divisor of 171319749 and 5685.
1137
What is the greatest common divisor of 3352 and 362265724?
1676
Calculate the greatest common divisor of 824 and 28249192.
824
What is the greatest common divisor of 1639657 and 103?
103
What is the greatest common divisor of 24 and 66205928?
8
Calculate the greatest common factor of 5430 and 76883370.
5430
What is the highest common factor of 43 and 76412849?
43
What is the greatest common factor of 7095 and 4123020?
165
Calculate the greatest common divisor of 123274960 and 951.
317
Calculate the highest common factor of 47047722 and 618.
618
Calculate the greatest common factor of 4700 and 27507925.
1175
Calculate the greatest common divisor of 1958 and 111045.
11
Calculate the greatest common divisor of 3312275 and 50.
25
What is the highest common divisor of 3907494 and 270?
54
What is the highest common divisor of 5656 and 4487632?
808
What is the greatest common factor of 334495653 and 1359?
453
What is the highest common factor of 22857122 and 394?
394
Calculate the highest common divisor 